12).
-4
Let z(a) = -a**2 + 12*a + 5. What is z(9)?
32
Let b(m) = -m**3 - 12*m**2 - m - 3. Determine b(-12).
9
Let q(o) = -o**2 - 6*o + 26. Calculate q(-10).
-14
Let q(j) = j**2 + 3*j - 5. Determine q(2).
5
Let l(b) = 7*b**3 - 5*b**2 - 7*b - 1. Give l(-1).
-6
Let z(k) = -6*k - 18. What is z(-12)?
54
Let o(b) = -4*b + 22. Give o(15).
-38
Let p(c) = c**2 - 8*c - 4. Calculate p(8).
-4
Let a(f) = -38*f + 30. What is a(1)?
-8
Let v(r) = 2*r + 14. Calculate v(-6).
2
Let u(m) = -34*m + 81. What is u(2)?
13
Let x(z) = -2*z**2 - 14*z - 4. Calculate x(-4).
20
Let h(y) = -y**2 + 5*y + 37. Determine h(9).
1
Let p(i) = -3*i**2 - 77*i - 57. Calculate p(-25).
-7
Let k(t) = t**3 - 12*t**2 + 12*t - 8. What is k(11)?
3
Let f(m) = 8*m + 39. What is f(16)?
167
Let o(c) = -8*c**3 - 2*c**2 - 2*c + 2. Calculate o(-2).
62
Let z(m) = -m**3 + 5*m**2 + 5*m - 4. Give z(6).
-10
Let q(j) = -2*j - 16. Calculate q(-8).
0
Let f(h) = -2*h**2 - 11*h - 11. Calculate f(-5).
-6
Let u(y) = 26*y**2 + y - 2. Give u(-2).
100
Let g(a) = -23*a - 54. Calculate g(-2).
-8
Let r(b) = -b**2 - 19*b + 52. What is r(-22)?
-14
Let r(x) = x**3 + 4*x**2 - 5*x - 6. Calculate r(-4).
14
Let j(z) = 6*z - 16. Give j(-12).
-88
Let k(p) = -p**2 + 13*p - 45. Determine k(6).
-3
Let o(l) = 20*l + 40. Give o(-7).
-100
Let g(k) = k**3 + 7*k**2 + 3*k - 7. Determine g(-6).
11
Let b(x) = -x**3 + x**2 - 22. Determine b(0).
-22
Let t(y) = -y**3 - 10*y**2 - 8*y - 6. Calculate t(-8).
-70
Let c(r) = 2*r**2 + 5*r - 18. Give c(-6).
24
Let g(h) = h**2 + 15*h + 63. Calculate g(-8).
7
Let u(a) = 23*a + 101. Give u(-5).
-14
Let p(t) = t**2 + 4*t - 19. What is p(-7)?
2
Let j(w) = 10*w**3 + 40*w**2 - w - 1. Give j(-4).
3
Let c(s) = s - 22. Determine c(0).
-22
Let t(f) = f**2 + 17*f - 25. What is t(-14)?
-67
Let n(k) = 27*k - 95. Give n(4).
13
Let u(t) = t**3 - 6*t**2 + 4*t + 11. Calculate u(5).
6
Let q(d) = d**2 - 16*d + 34. Calculate q(14).
6
Let q(d) = 3*d**2 + 15*d - 38. Give q(-7).
4
Let i(d) = -d**2 - 10*d - 3. Calculate i(-9).
6
Let z(a) = -2*a**3 - 30*a**2 - 23*a + 6. Give z(-14).
-64
Let j(w) = w - 70. Give j(-11).
-81
Let z(m) = -30*m + 10. Calculate z(-2).
70
Let o(k) = -k**2 + 14*k + 10. Determine o(15).
-5
Let c(p) = p**3 - 10*p**2 + 4*p - 13. Calculate c(9).
-58
Let t(s) = -s**2 + 9*s - 15. Determine t(6).
3
Let x(p) = 2*p**3 - 2*p**2 + p - 5. Determine x(3).
34
Let s(a) = -a**3 + 10*a**2 + 12*a - 13. Determine s(11).
-2
Let g(j) = -2*j - 21. Give g(3).
-27
Let d(z) = z**3 + z**2 - 6*z - 6. Calculate d(-3).
-6
Let s(y) = -y**3 - 3*y**2 + 3*y + 2. What is s(-2)?
-8
Let n(l) = -l**3 + 4*l**2 + 7*l - 16. Give n(5).
-6
Let l(w) = -w**2 - 17*w + 15. Calculate l(-17).
15
Let a(h) = -13*h. Calculate a(1).
-13
Let n(g) = -g**2 - 11*g - 19. Give n(-10).
-9
Let t(r) = 61*r**3 + r**2 - 3*r + 3. Determine t(1).
62
Let f(c) = -c**2 + 13*c - 19. Determine f(9).
17
Let o(h) = -h**2 - 38*h + 62. Determine o(-40).
-18
Let g(f) = -5*f**2 + 10*f. What is g(3)?
-15
Let p(z) = 26*z + 128. Give p(-5).
-2
Let b(u) = 6*u**2 - 2*u. What is b(1)?
4
Let t(m) = 15*m + 15. What is t(-2)?
-15
Let y(r) = -15*r + 1. Determine y(0).
1
Let g(c) = -32*c + 549. Calculate g(17).
5
Let r(m) = 3*m**3 - m**2 - m - 6. What is r(2)?
12
Let y(c) = 60*c + 114. Calculate y(-2).
-6
Let y(b) = -b**3 - 4*b**2 + 4. Determine y(-3).
-5
Let f(j) = 23*j + 776. What is f(-34)?
-6
Let g(q) = q**3 - 5*q**2 - 67*q - 4. Give g(-6).
2
Let f(o) = -16*o**2 + 113*o - 10. What is f(7)?
-3
Let q(z) = z**2 + 10*z - 76. What is q(5)?
-1
Let u(v) = v**3 + v**2 + 18*v + 84. What is u(0)?
84
Let r(y) = y**2 - 8*y + 13. Calculate r(4).
-3
Let f(l) = -l**2 + 6*l - 5. Calculate f(6).
-5
Let g(n) = -2*n**2 - 24*n - 59. What is g(-4)?
5
Let t(n) = n**2 + 5*n - 1. Determine t(-6).
5
Let x(c) = c**3 - 18*c**2 - 38*c - 63. Calculate x(20).
-23
Let i(o) = o - 20. Determine i(-7).
-27
Let u(p) = 2*p**3 + 20*p**2 + p + 40. Determine u(-10).
30
Let z(u) = u**2 + 19*u + 21. Determine z(-18).
3
Let q(m) = -2*m + 101. Determine q(54).
-7
Let v(c) = 100*c - 103. What is v(1)?
-3
Let z(b) = -4*b + 38. Calculate z(10).
-2
Let w(h) = 8*h - 2. What is w(2)?
14
Let y(s) = 2*s - 25. Give y(9).
-7
Let p(y) = -y**2 - 18*y - 18. Calculate p(-16).
14
Let x(h) = h**2 - 7*h - 21. What is x(9)?
-3
Let d(x) = x + 8. Determine d(-5).
3
Let k(j) = j**3 + 13*j**2 + 4*j - 21. Give k(-12).
75
Let h(c) = 8*c + 29. Give h(-3).
5
Let t(q) = q**3 - 8*q**2 + 13*q - 18. Give t(4).
-30
Let i(x) = -2*x**2 + 9*x + 6. Determine i(-3).
-39
Let s(h) = -29*h + 118. What is s(3)?
31
Let k(n) = -n**3 + 12*n**2 - 9*n - 21. What is k(11)?
1
Let s(w) = 7*w**2 + 49*w - 50. Calculate s(-8).
6
Let c(t) = -t**3 - 4*t**2 - 7. Calculate c(-5).
18
Let g(u) = -3*u**2 + 27*u - 33. What is g(10)?
-63
Let r(q) = q**3 + 19*q**2 + 62*q + 37. Determine r(-15).
7
Let f(o) = 18*o - 30. What is f(2)?
6
Let g(h) = -23*h + 31. What is g(1)?
8
Let b(g) = 20*g - 142. Give b(7).
-2
Let w(f) = -f - 3. Give w(-8).
5
Let l(d) = -d**2 + 2*d + 9. Determine l(-2).
1
Let s(u) = 4*u - 21. Calculate s(4).
-5
Let m(t) = 2*t**2 - 13*t + 5. Determine m(9).
50
Let d(j) = j**2 - 18*j + 31. Calculate d(2).
-1
Let v(i) = -i**3 + 12*i**2 + 12*i + 5. Calculate v(13).
-8
Let v(h) = -11*h**3 + h**2 + 3*h + 1. Determine v(-2).
87
Let v(g) = -g**3 - 12*g**2 - 36*g + 6. Calculate v(-6).
6
Let b(c) = c - 15. Give b(4).
-11
Let o(c) = -c**3 + 13*c**2 + 13*c + 21. Give o(14).
7
Let d(z) = 3*z**2 + z - 2. Give d(-2).
8
Let n(g) = -g + 11. What is n(11)?
0
Let k(u) = u**2 + 2*u - 17. Determine k(0).
-17
Let u(t) = 8*t - 12. Determine u(5).
28
Let o(y) = y**3 - 3*y**2 - 5*y - 3. What is o(5)?
22
Let t(s) = -2*s**2 + 13*s + 7. What is t(8)?
-17
Let h(v) = -v**3 - 16*v**2 + 81*v + 17. Give h(-20).
-3
Let p(w) = -w**3 + 9*w**2 - 9*w + 5. Calculate p(7).
40
Let q(o) = 8*o + 3. Determine q(3).
27
Let g(h) = 2*h - 3. What is g(0)?
-3
Let u(m) = 12*m - 5. Determine u(0).
-5
Let x(i) = -37*i + 590. Give x(16).
-2
Let j(w) = -3*w + 65. Give j(20).
5
Let x(s) = -s - 4. Determine x(-8).
4
Let p(u) = -u + 16. What is p(5)?
11
Let g(w) = -w**3 - 11*w**2 - 14*w - 8. What is g(-10)?
32
Let r(h) = -3*h - 13. Calculate r(0).
-13
Let k(v) = v**2 - 3*v. What is k(-3)?
18
Let q(i) = -8*i**3 - i - 2. Determine q(-1).
7
Let f(g) = -g**3 - 9*g**2 + 53*g + 433. Determine f(-10).
3
Let k(y) = -8*y**3 - y**2 + 2*y + 3. Give k(-1).
8
Let o(q) = -q**2 + 11*q + 3. Determine o(11).
3
Let i(f) = -283*f + 2541. Give i(9).
-6
Let c(g) = -g + 27. What is c(13)?
14
Let f(y) = -y**2 + 22*y + 34. Determine f(24).
-14
Let j(m) = -m**2 - 24*m - 107. What is j(-6)?
1
Let b(r) = -r**2 - 8*r - 10. Determine b(-6).
2
Let f(y) = -22*y - 14. Give f(1).
-36
Let f(p) = -p + 31. Calculate f(36).
-5
Let p(s) = -5*s - 51. Determine p(-12).
9
Let f(r) = r**3 + 10*r**2 - 10*r + 4. Calculate f(-11).
-7
Let o(z) = -18*z**3 - 2*z**2 - z + 2. Calculate o(1).
-19
Let z(y) = 25*y**2 + 4*y - 4. Calculate z(1).
25
Let x(a) = a**3 - 6*a**2 + 3*a - 6. Calculate x(5).
-16
Let j(x) = -6*x + 70. Give j(11).
4
Let o(x) = -x**2 - 15*x + 4. Determine o(-10).
54
Let p(l) = 10*l + 48. What is p(-4)?
8
Let p(k) = -k + 11. Determine p(11).
0
Let q(m) = -15*m + 44. Determine q(3).
-1
Let m(c) = c**3 - 7*c**2 + c. Determine m(7).
7
Let m(r) = -2*r**2 + 11*r - 2. Give m(5).
3
Let l(y) = 3*y - 12. What is l(9)?
15
Let m(r) = -7*r**3 + 2*r**2 + 2*r + 1. Give m(-1).
8
Let x(m) = 4*m - 34. What is x(10)?
6
Let v(f) = -f**3 + 4*f**2 + 5*f - 13. Determine v(3).
11
Let u(x) = -x**3 + 8*x**2 - 10*x - 3. Calculate u(7).
-24
Let o(x) = x**2 + 14*x + 2. What is o(-15)?
17
Let w(q) = -14*q + 12. Give w(-5).
82
Let p(q) = q - 11. Give p(7).
-4
Let v(r) = 149*r + 1042. Determine v(-7).
-1
Let d(c) = -c**2 - 35*c + 20. Give d(-32).
116
Let y(c) = c**3 - 33*c**2 + 32*c - 2. Give y(32).
-2
Let l(z) = z**3 + 14*z**2 + 51*z + 25. What is l(-6)?
7
Let g(q) = -5*q + 67. Calculate g(12).
7
Let t(l) = -l**2 - 18*l - 46. Calculate t(-14).
10
Let u(m) = -m**2 + 8*m + 71. What is u(-6)?
-13
Let p(z) = -z + 8. Calculate p(13).
-5
Let u(d) = -7*d - 175. Determine u(-23).
-14
Let g(i) = -i**3 - 12*i**2 + 2*i + 33. Calculate g(-12).
9
Let y(a) = 16*a**2 - 97*a + 15. Calculate y(6).
9
Let f(y) = -y**2 + 20*y + 130. Give f(24).
34
Let s(j) = -13*j + 7. What is s(5)?
-58
Let v(r) = 